ate the greatest common factor of 8504 and 32.
8
What is the highest common divisor of 101 and 151096?
101
What is the highest common divisor of 24 and 157404?
12
Calculate the highest common factor of 1976 and 153064.
152
Calculate the highest common divisor of 4526 and 2628.
146
What is the greatest common divisor of 176 and 10768?
16
What is the highest common divisor of 64 and 52048?
16
Calculate the highest common divisor of 144 and 70308.
36
What is the highest common factor of 6 and 1156242?
6
What is the highest common factor of 190672 and 68?
68
Calculate the highest common divisor of 32 and 12704.
32
What is the highest common factor of 1166952 and 48?
24
Calculate the greatest common divisor of 123579 and 9.
9
Calculate the greatest common divisor of 158949 and 5103.
189
What is the highest common divisor of 915 and 721630?
305
What is the highest common factor of 1100 and 4050?
50
What is the highest common factor of 24 and 1005264?
24
What is the greatest common factor of 2886 and 2885038?
962
Calculate the greatest common factor of 516 and 22532.
172
Calculate the greatest common divisor of 104 and 4212.
52
Calculate the highest common divisor of 138 and 119301.
69
Calculate the greatest common factor of 2547625 and 10.
5
Calculate the greatest common divisor of 100 and 313700.
100
What is the greatest common divisor of 36872 and 968?
88
What is the highest common divisor of 30888 and 4914?
702
Calculate the greatest common divisor of 13414 and 17974.
38
What is the highest common factor of 52 and 140192?
52
What is the greatest common factor of 2707276 and 22?
22
Calculate the highest common divisor of 324735 and 30.
15
What is the greatest common divisor of 462 and 143297?
77
Calculate the highest common factor of 918 and 1139.
17
What is the highest common factor of 3144 and 72?
24
Calculate the highest common factor of 196881 and 62.
31
What is the highest common divisor of 94645 and 345?
115
What is the greatest common divisor of 2695 and 262493?
539
Calculate the highest common factor of 211869 and 5664.
177
Calculate the highest common divisor of 178880 and 144.
16
Calculate the greatest common divisor of 106304 and 9513.
151
What is the greatest common factor of 4872 and 714?
42
What is the greatest common factor of 98300 and 65?
5
What is the greatest common divisor of 21574 and 42?
14
Calculate the highest common factor of 6 and 379686.
6
What is the greatest common factor of 57685 and 2075?
415
Calculate the highest common divisor of 323 and 204459.
323
Calculate the greatest common factor of 2166 and 8550.
114
What is the highest common divisor of 756 and 50148?
252
What is the greatest common divisor of 205590 and 1050?
210
What is the highest common divisor of 999677 and 35?
7
What is the greatest common divisor of 2465 and 26245?
145
What is the highest common divisor of 138 and 2149971?
69
Calculate the greatest common divisor of 580 and 11455.
145
Calculate the greatest common factor of 2193 and 255.
51
Calculate the highest common divisor of 72 and 4183464.
24
Calculate the highest common factor of 102 and 7002.
6
What is the greatest common factor of 6093 and 261?
9
Calculate the highest common divisor of 100320 and 3624.
24
Calculate the greatest common divisor of 360 and 388962.
18
Calculate the highest common factor of 436 and 281002.
218
Calculate the highest common factor of 8437 and 10153.
143
What is the highest common factor of 374 and 1562?
22
Calculate the highest common factor of 652980 and 300.
60
Calculate the greatest common factor of 2943 and 86886.
27
Calculate the highest common factor of 180 and 6036.
12
Calculate the greatest common divisor of 4737 and 39.
3
Calculate the highest common factor of 102 and 1011228.
102
Calculate the greatest common divisor of 105248 and 20608.
736
Calculate the greatest common divisor of 3024 and 800.
16
Calculate the greatest common divisor of 600 and 25305.
15
What is the highest common factor of 171 and 48013?
19
Calculate the greatest common divisor of 2394 and 6327.
171
What is the highest common divisor of 352 and 800?
32
What is the highest common factor of 1744 and 618466?
218
Calculate the greatest common factor of 14 and 10171.
7
Calculate the greatest common divisor of 237 and 6932487.
237
What is the highest common divisor of 15534 and 24?
6
Calculate the highest common divisor of 393617 and 14.
7
Calculate the greatest common divisor of 1542 and 138.
6
Calculate the highest common divisor of 1449 and 16947.
63
What is the greatest common factor of 99 and 1791?
9
Calculate the greatest common factor of 142402 and 52.
26
Calculate the greatest common divisor of 2332 and 4444.
44
Calculate the greatest common divisor of 256167 and 18.
9
Calculate the greatest common divisor of 2997 and 55971.
81
What is the highest common divisor of 38 and 21812?
38
Calculate the highest common factor of 320 and 105.
5
What is the greatest common factor of 16688 and 770?
14
What is the highest common factor of 224556 and 84?
12
What is the highest common divisor of 26 and 3234?
2
Calculate the greatest common divisor of 539 and 18277.
49
What is the highest common factor of 86 and 275071?
43
Calculate the highest common divisor of 17673 and 5343.
411
What is the greatest common factor of 22230 and 1254?
114
Calculate the greatest common factor of 81618 and 3.
3
What is the greatest common factor of 4980 and 7680?
60
Calculate the greatest common factor of 4448 and 586858.
278
What is the greatest common factor of 1709687 and 523?
523
Calculate the highest common factor of 152422 and 340.
34
What is the highest common factor of 8 and 32792?
8
Calculate the highest common factor of 88433 and 6019.
463
Calculate the greatest common factor of 304 and 84189.
19
Calculate the highest common divisor of 3739 and 8.
1
Calculate the greatest common factor of 45615 and 240.
15
What is the highest common divisor of 21870 and 13500?
270
Calculate the highest common divisor of 326 and 20538.
326
Calculate the greatest common divisor of 316 and 206901.
79
What is the greatest common factor of 25058 and 2244?
374
Calculate the highest common factor of 4495 and 3565.
155
What is the highest common factor of 3029 and 429?
13
What is the greatest common factor of 24668 and 140?
28
Calculate the highest common factor of 31925 and 25.
25
Calculate the highest common factor of 18 and 3480.
6
Calculate the greatest common divisor of 192 and 4146288.
48
What is the greatest common factor of 1601274 and 6?
6
What is the highest common divisor of 7018 and 141086?
242
Calculate the highest common factor of 147 and 33418.
49
Calculate the greatest common divisor of 1518 and 7452.
138
Calculate the greatest common factor of 40 and 17552.
8
What is the highest common factor of 1254934 and 106?
106
What is the highest common divisor of 15 and 38910?
15
What is the highest common factor of 5746 and 122018?
338
What is the highest common factor of 215 and 87419?
43
What is the highest common factor of 13970 and 20?
10
What is the greatest common divisor of 2488 and 136?
8
What is the greatest common factor of 1815 and 344245?
605
What is the greatest common divisor of 13589 and 25273?
127
What is the highest common divisor of 82224 and 954?
18
What is the highest common divisor of 952 and 1106581?
119
Calculate the highest common divisor of 4959369 and 281.
281
What is the greatest common factor of 92866 and 7375?
59
Calculate the greatest common factor of 107 and 272743.
107
What is the highest common divisor of 4741 and 86631?
431
What is the highest common divisor of 16836 and 1019676?
732
What is the greatest common divisor of 2696 and 472?
8
What is the greatest common factor of 189 and 74683?
7
Calculate the greatest common divisor of 111 and 557664.
111
What is the highest common divisor of 69836 and 156?
52
Calculate the highest common factor of 15900 and 135.
15
What is the greatest common factor of 1521 and 13788?
9
Calculate the greatest common factor of 846 and 10763.
47
Calculate the greatest common factor of 800437 and 99.
11
Calculate the greatest common factor of 25005 and 120.
15
Calculate the highest common divisor of 713 and 40672.
31
Calculate the greatest common divisor of 1